the value of -3 - (-9 + (-4 + 8 - -3))?
-1
3 + -7 + 4 + 5
5
What is the value of 8 - ((-7 - -15) + -5)?
5
What is the value of 5 - (-7 - -7 - -4)?
1
Calculate 11 + -10 - (-2 + -2).
5
What is the value of 6 + -8 - (2 - 2)?
-2
What is -3 + 0 - (7 - 8)?
-2
What is 3 + -10 - (-18 + 10)?
1
Calculate (5 - -3) + -3 - 11.
-6
What is 1 - 7 - (-32 - -29)?
-3
What is (8 - 2) + -4 + -4 + -3?
-5
Evaluate -6 + 0 + 12 - 2.
4
-2 - (5 + -4) - -5
2
Calculate -5 + 2 + -4 + 0 + 0.
-7
What is the value of 8 + (6 - 11) + 1 + -2?
2
What is the value of 1 - 2 - -1 - 3?
-3
Calculate 7 - (15 - 2) - -4.
-2
What is the value of -10 - (13 + -12) - -20?
9
What is 2 + -8 + -26 + 29?
-3
Calculate 4 - 1 - ((4 - 7) + 4).
2
What is 0 - (-2 - (-1 - 1 - 0))?
0
Calculate -5 - (-6 - 6) - 7.
0
What is -30 + 27 - (-5 + 1 + 2)?
-1
What is the value of -5 - -9 - (-5 - -7 - 3)?
5
Calculate (20 + 0 - 15) + -1 + -3.
1
What is 0 - 0 - -1 - (5 - 2)?
-2
What is the value of (-3 - (-2 - (1 - 4))) + 6?
2
Evaluate 3 + (-6 - -3 - 9) + 4.
-5
Calculate -2 - (2 - -1) - (-15 - -12).
-2
What is 6 - 2 - (12 + -9)?
1
-4 + (5 - -2) + -7
-4
What is (2 + -8 - -1 - -3) + -2?
-4
What is the value of (-27 - -3 - -33) + -1 + -7?
1
Evaluate 1 + (-1 - -3) + 0.
3
What is the value of -7 - (-2 + (6 - 4))?
-7
What is the value of -4 + 1 - -4 - -4 - 2?
3
Calculate 2 + -1 + 8 + -5.
4
What is the value of 6 - (16 - 4 - 6)?
0
Calculate 5 - (-3 + 0 + (6 - 1)).
3
What is the value of 0 - (-4 + 1) - 5?
-2
Calculate -2 - -1 - (7 + -13).
5
What is 17 + -7 + -5 - (1 - -4)?
0
What is the value of -6 - (-3 + -1) - 0?
-2
4 + (-4 - (3 + -1))
-2
(2 - 1 - -1) + -3 + 6
5
What is the value of 11 + 1 + -7 + -9?
-4
Calculate 11 - (-4 + 14 - 1).
2
Evaluate -6 - (1 - 2) - (-24 - -14).
5
-16 - -15 - (1 - -2)
-4
1 - 15 - (-50 + 47) - -3
-8
What is (5 + (-3 - -2) - 4) + 0?
0
-1 + -2 + (0 - 0)
-3
-4 + (0 - -3 - 3)
-4
What is -4 + (19 + -7 - 4)?
4
Evaluate (7 - (0 + 4)) + 1.
4
What is the value of -2 + 0 + -5 + (3 - 0)?
-4
(-1 - 2) + (-4 - -2) - -11
6
5 + 2 + -4 - 0
3
Calculate (1 - 2) + (-2 - 3 - -10).
4
What is the value of -4 + (5 - 4) + (-1 - -4)?
0
What is 12 + 2 - 1 - 4?
9
Evaluate (27 + -27 - (2 + -7)) + 1.
6
Evaluate 2 + -10 + (0 - -3).
-5
Evaluate 4 + 3 - (4 - -4).
-1
Evaluate -4 + 0 + 4 - 0.
0
What is the value of 39 - 43 - (0 + -7)?
3
-10 + (0 - -8) + 9
7
What is the value of (-2 - (-4 + -7 + 4)) + -4?
1
What is -3 - (1 - -3) - -4?
-3
What is the value of -5 + 2 + (-1 + 3 - 3)?
-4
Calculate 12 + -10 + 1 + -3.
0
-83 + 71 + (-2 - -7)
-7
What is -1 + 1 - -2 - (50 - 49)?
1
What is the value of 1 - 5 - (3 + -12)?
5
What is the value of 1 - 5 - (-19 - -15) - 3?
-3
-12 + (1 - -6) + 8
3
Calculate 3 + 6 - 9 - (-4 - -2).
2
Calculate (-7 - -5 - (-2 + -1)) + 3.
4
What is 5 - 10 - (-2 - -5)?
-8
1 - (-5 - -4 - (-1 + 4))
5
0 - -6 - (27 - 15)
-6
Evaluate (-1 - 4) + (3 - -4).
2
What is the value of 2 - 3 - -2 - (1 + 0)?
0
0 + -3 + -3 + 4 + 5
3
-10 - -9 - (-2 - 0)
1
Calculate 7 + (1 - 4) + -1 + -2.
1
(1 - 1) + 3 + -12 + 2
-7
Calculate (5 - (1 - (-14 - -5))) + 10.
5
Calculate (-1 - 3) + (10 - 0) + -2.
4
What is the value of -4 + (-2 - -4 - (1 + 0))?
-3
Calculate 6 - (14 + -7) - (-4 - 2).
5
What is the value of 1 + -1 - (0 + -4)?
4
5 + (9 - 7) + 0 + -12
-5
-3 - -5 - -2 - 5
-1
(-4 + 0 - -2) + (2 - 3)
-3
What is the value of -5 - ((1 - 4 - -8) + -12)?
2
Calculate 0 + -5 - ((-3 - -7) + -2).
-7
What is the value of -7 - 4 - -7 - -13?
9
What is the value of -1 - (-3 + -3 - -8) - -3?
0
Calculate -1 - (7 - (2 - -1) - 1).
-4
1 + 1 + 0 + -6
-4
What is -10 - -19 - (8 - 1)?
2
Evaluate 0 + (0 - (6 - 1)).
-5
Calculate -5 + (4 - -4) + (0 - -1).
4
Evaluate 75 + -91 + (3 - 1) + 8.
-6
Calculate 2 - (-3 + 0 + 5).
0
Evaluate 2 - 1 - (25 + -23) - 9.
-10
-2 - (-4 + (-1 - -1))
2
Evaluate 1 - (4 - (6 - 2)).
1
Calculate 8 + (-4 - 0) - 2.
2
Calculate 4 + -4 + 7 + -4 + -8.
-5
What is 10 + -3 + 0 + -4 + 0?
3
1 + -3 + -2 - -3 - 4
-5
Evaluate (2 - -3) + 0 + -2.
3
What is the value of -5 + 5 - (0 + -4)?
4
Calculate -37 + 39 - ((1 - -2) + 2).
-3
What is the value of 0 + 9 + -1 - 9?
-1
(-2 + 1 - -1) + (9 - 10)
-1
Calculate 7 + 1 + -133 + 115.
-10
What is the value of -8 + (0 - ((-6 - -1) + 3))?
-6
Evaluate -4 + 1 + 0 + 5.
2
Evaluate (20 - (-7 - -18)) + -11.
-2
What is 1 + 4 + (8 - 8)?
5
-7 - (3 + (-2 - 1) - 2)
-5
What is 2 + (11 - 4) - (4 + 0)?
5
Evaluate (2 - 1) + 4 + 6 + -12.
-1
Evaluate (1 - 3) + 6 - 7.
-3
What is 3 + (0 - -6) + (-4 - 1)?
4
What is -13 - (-8 + 1 + 4 - 2)?
-8
What is 3 + (-8 - -11) + (-3 - -2)?
5
Evaluate (3 - 8) + 5 - (-6 - -4).
2
What is -2 - (-8 + 4 + 2)?
0
Evaluate 7 - (5 + -4 + 14).
-8
Evaluate -189 + 189 - (-3 + (-1 - -1)).
3
11 - (-2 - (-14 + 6))
5
-1 + 0 + (1 - (1 + 1))
-2
Evaluate 4 + 2 - -3 - 8.
1
Evaluate -13 + 25 + -9 + 2.
5
What is the value of -4 - (11 + (-16 - 1))?
2
What is the value of -3 + 6 + (1 - (1 + 5))?
-2
What is the value of 0 + 0 + (8 - (-1 - -5))?
4
What is the value of -5 - (-19 - (-1 + -12))?
1
What is the value of -6 + (-7 + (8 - 3) - -15)?
7
11 - (3 - (-10 - -8))
6
What is the value of (4 - 1) + 0 + (37 - 36)?
4
-1 - -3 - 1 - (2 - 1)
0
(-5 - (2 + -3)) + 4 + -3
-3
What is 21 - 21 - (1 - 3)?
2
What is (-3 + 2 - 2) + 0 + 1?
-2
Calculate -12 - 1 - (-4 - 8 - -6).
-7
Evaluate 1 + (2 - 4) + 2 + 1.
2
Calculate (-3 - -2) + (-1 + 1 - 4).
-5
Evaluate (-12 - (-8 + (4 - 1))) + 4.
-3
What is (3 - ((1 - 1) + -1)) + 1?
5
What is the value of -19 - -21 - (-3 + 1 + 1)?
3
What is 5 + (2 - 1 - 5) - 4?
-3
Evaluate (3 - -2) + -19 + 12.
-2
Calculate -2 - (3 + -5 + 4 + -7).
3
What is the value of 4 + -4 - (-4 + 5)?
-1
What is (19 - 18) + -2 + 8 + -2?
5
What is the value of 5 - (6 - 14 - -18)?
-5
(1 - -3) + 0 + -10
-6
Evaluate (14 - -4) + (-3 - 11).
4
Evaluate 7 + -4 + 1 - 0.
4
6 - (12 + 7 + -14)
1
What is 6 + (0 + -7 - -1)?
0
Calculate 4 + -7 + -2 - (-7 - -3).
-1
What is 6 - (0 + (-11 - -16))?
1
Calculate -5 - (11 + -28 - -7).
5
Calculate -1 + 3 - (2 + -4).
4
What is the value of 15 - 18 - (-4 - (-3 + -3))?
-5
What is -10 + -6 + 7 - -3?
-6
What is 10 + -5 + -10 + 4 + -8?
-9
What is 4 + 2 - (-5 + (1 - -5))?
5
Calculate 1 + (3 - 1 - -2).
5
3 + (-5 + 2 - -3)
3
(1 - 4) + -4 + 2
-5
Evaluate (12 + -5 - (4 + 3)) + -3.
-3
What is the value of -2 - (-3 + 0 + (3 - -2))?
-4
What is 4 + (5 - 2 - (11 - 8))?
4
What is 1 + (3 + 4 - 8)?
0
Calculate 12 - (-8 + (-6 - -20)).
6
What is the value of 22 + -16 - (12 - 1)?
-5
Calculate (2 + 1 - -1) + -3.
1
(3 - (0 - (-2 + -8))) + 5
-2
What is the value of (28 - 27) + (2 - 2 - 1)?
0
What is 15 + -5 + 6 + -16?
0
What is 0 + -6 - -16 - (0 - -2)?
8
(-1 - 5) + -27 + 34
1
-1 - (1 - 0 - 2)
0
What is the value of 1 + 1 + (-7 - -1) + 6?
2
Evaluate 32 - 21 - (8 + -1).
4
Evaluate -4 + -3 + 4 + 1 - -2.
0
What is the value of 1 + -6 + (-4 - -6)?
-3
What is -15 - (-9 - (-11 - -12))?
-5
1 - (-8 + (-8 - -12))
5
What is the value of 2 + -6 + (5 - (2 + 3))?
-4
Calculate (-220 - -220) + 0 + -1.
-1
Evaluate -6 - (4 + (-7 - -5) - 3).
-5
5 + (1 + 0 - (3 + 2))
1
What is (-2 - (3 - (1 - 0))) + 9?
5
What is the value of 3 - 0 - (24 + -14)?
-7
What is the value of -3 - 1 - (1 - 1)?
-4
What is (-1 - (1 + 1)) + -19 + 25?
3
Calculate 2 + (10 + -5 - 9).
-2
What is the value of 2 + 6 + 3 + -6?
5
Calculate (-1 - -3) + (1 - (-3 + 3)).
3
Evaluate 0 + -1 - (42 - 47).
4
What is the value of (5 + -6 + 4 - 0) + -9?
-6
What is the value of 2 + -3 + (-8 - (0 + -4))?
-5
What is (3 - 4) + 0 - (0 - 2)?
1
Evaluate -1 + 5 - (-3 - -3).
4
Evaluate 3 + (-1 - 4) + 3 - -5.
6
3 + 0 + 6 + -8
1
-10 + 24 - (8 - 2) - 6
2
What is (4 - -2) + -6 + 3?
3
-8 + 15 + 2 + -13
-4
Evaluate -16 - (-2 - -6 - (12 - 1)).
-9
(3 - 4 - 0) + 3
2
What is 2 + 1 + (-2 - (4 + -3))?
0
Calculate 5 - 0 - (13 - 10) - -3.
5
What is the value of (5 - -1) + 6 + (17 - 38)?
-9
Evaluate 4 + (-1 - -2) - 5.
0
Evaluate (3 + 3 - (5 + 8)) + 1.
-6
-15 + (14 - (4 + 2))
-7
What is the value of 0 + -1 - -7 - 7?
-1
0 + -2 - (0 + 5 + -9)
2
Evaluate (3 + -2 - 3) + 3 + 0.
1
(0 - -1) + 2 + (2 - 2)
3
-12 + ((2 - 8) + 4 - -7)
-7
What is the value of -80 - -76 - (0 + (-1 - 3))?
0
Calculate -3 - -1 - (-10 + 2).
6
What is 1 - -2 - (3 - 5)?
5
What is the value of 0 + 2 + (-2 - (2 - 5))?
3
What is the value of -3 - ((-3 - -14) + -8 + 3)?
-9
Calculate 8 - 5 - (-2 - -6).
-1
Evaluate 8 + -7 - (1 - 3).
3
Calculate (-18 - -10) + 9 + (1